{"id":487,"date":"2021-08-22T15:58:51","date_gmt":"2021-08-22T13:58:51","guid":{"rendered":"https:\/\/probahn-ol-hb.de\/?page_id=487"},"modified":"2021-08-22T15:58:52","modified_gmt":"2021-08-22T13:58:52","slug":"btw-2021-antworten-von-dennis-rohde","status":"publish","type":"page","link":"https:\/\/probahn-ol-hb.de\/?page_id=487","title":{"rendered":"BTW 2021 &#8211; Antworten von Dennis Rohde"},"content":{"rendered":"\n<p>Wahlkreis 027 Oldenburg &#8211; Ammerland, SPD<\/p>\n\n\n\n<p><strong><span class=\"has-inline-color has-vivid-cyan-blue-color\">1. Frage: <em>Welche Bedeutung hat der \u00f6ffentliche Personenverkehr f\u00fcr Sie? Welche Bedeutung sollte er in zehn Jahren haben?<\/em><\/span><\/strong><\/p>\n\n\n\n<p>Der \u00f6ffentliche Personenverkehr war meiner Ansicht nach schon immer ein sehr unverzichtbarer Baustein f\u00fcr die Mobilit\u00e4t der Menschen in Deutschland. Aufgrund des Klimawandels und der ver\u00e4nderten Mobilit\u00e4t der Menschen sehe ich wachsende Anteile des \u00f6ffentlichen Personenverkehr am Modal-Split. Denn einerseits nimmt die Mobilit\u00e4t ohnehin zu, andererseits wollen wir einen wachsenden Teil dieser Verkehre in klimafreundliche Mobilit\u00e4t wie Bus und Bahn lenken.<\/p>\n\n\n\n<p><strong><span class=\"has-inline-color has-vivid-cyan-blue-color\">2. Frage: <em>Welche Schwerpunkte sollten nach Ihrer \u00dcberzeugung in der Verkehrspolitik der kommenden Legislaturperiode gesetzt werden? Welche Gr\u00fcnde haben Sie daf\u00fcr?<\/em> <\/span><\/strong><\/p>\n\n\n\n<p>Erstens: der Staat und die Verkehrsbetriebe, an denen er beteiligt ist, sollen bei dem Ziel der CO2-Neutralit\u00e4t vorangehen. Bis 2030 m\u00f6chten wir alle Busse und Bahnen modernisieren und auf Klimaneutralit\u00e4t umstellen. Hier soll der Bund den Kommunen finanziell stark unter die Arme greifen.<br>Zweitens: Der Schienenverkehr soll gest\u00e4rkt werden. Hier unterst\u00fctzen wir den Deutschlandtakt und fordern, dass alle Gro\u00dfst\u00e4dte ans Fernverkehrsnetz angeschlossen werden. Bahnfahren muss f\u00fcr die Nutzerinnen und Nutzer g\u00fcnstiger sein als zu fliegen. Auch sollen 75% des Schienennetzes elektrifiziert werden.<br>Drittens: Die Zukunft geh\u00f6rt den elektrischen Antrieben. Wir wollen diese Entwicklung aktiv gestalten, damit die Automobilindustrie Leitindustrie bleibt und die Zukunft der vielen kleinen und mittelst\u00e4ndischen Zulieferer mit ihren Arbeitspl\u00e4tzen gesichert ist. Wir wollen die Elektrifizierung des Verkehrs massiv voranbringen. 2030 sollen mindestens 15 Millionen Pkw in Deutschland voll elektrisch fahren. Dazu geh\u00f6rt der Ausbau und die Vereinheitlichung der Ladeinfrastruktur.<\/p>\n\n\n\n<p><strong><span class=\"has-inline-color has-vivid-cyan-blue-color\">3. Frage: <em>Infolge der coronabedingt eingebrochenen Fahrgastzahlen ist die Finanzierung des \u00f6ffentlichen Personenverkehrs massiv gef\u00e4hrdet. Was wollen Sie tun, um die Finanzierung sicherzustellen?<\/em><\/span><\/strong><\/p>\n\n\n\n<p>Die Corona-Pandemie war in der Tat ein D\u00e4mpfer auf dem Weg weg vom motorisierten Individualverkehr (MIV). Ich nehme aber wahr, dass Bund, L\u00e4nder und Kommunen die Finanzierung in der j\u00fcngeren Vergangenheit nicht in Frage gestellt haben. Der Wandel der Mobilit\u00e4t ist inzwischen bei allen Akteuren der Verkehrspolitik angekommen &#8211; mit Ausnahme von CDU\/CSU und ihrem Verkehrsminister Andreas Scheuer. Ernsthafte wirtschaftliche Schwierigkeiten der Unternehmen im \u00f6ffentlichen Personenverkehr w\u00e4ren schon vor dem Hintergrund der Klimaziele ein Szenario, in dem die \u00f6ffentliche Hand unterst\u00fctzend eingreifen m\u00fcsste.<\/p>\n\n\n\n<p><span class=\"has-inline-color has-vivid-cyan-blue-color\"><strong>4. Frage: <em>Wenn es, u.a. als Pandemiefolge, zu finanziellen Zielkonflikten k\u00e4me, w\u00e4ren Sie dazu bereit, Stra\u00dfen- und vor allem Autobahnneubauten zugunsten von Schieneninfrastrukturma\u00dfnahmen zur\u00fcckzustellen?<\/em> <\/strong><\/span><\/p>\n\n\n\n<p>Ich will, dass wir als Staat massiv in moderne Mobilit\u00e4t investieren &#8211; allein am Geld sollen keine Verkehrsprojekte scheitern m\u00fcssen. Dennoch: Es ist Ziel der SPD, den Modal-Split weg vom Auto hin zu anderen Tr\u00e4gern zu bewegen. Daher w\u00fcrde ich mich &#8211; wenn Zielkonflikte auftreten sollten &#8211; f\u00fcr das Schienenprojekt entscheiden.<\/p>\n\n\n\n<p><strong><span class=\"has-inline-color has-vivid-cyan-blue-color\">5. Frage: <em>Was wollen Sie tun, um die verschiedenen Verkehrstr\u00e4ger besser miteinander zu verkn\u00fcpfen und den \u00dcbergang auf \u00f6ffentliche Verkehrsmittel attraktiver zu machen?<\/em> <\/span><\/strong><\/p>\n\n\n\n<p>Hier ist der Deutschlandtakt der richtige Weg, die Schienenangebote besser miteinander zu verkn\u00fcpfen. Weiterhin fehlt es &#8211; wie leider in vielen Bereichen im Gesch\u00e4ftsbereich des Bundesministeriums f\u00fcr Verkehr und digitale Infrastruktur &#8211; an Digitalisierung. Hier m\u00fcssen aber auch die kommunalen Anbieter aktiv werden, damit die Verzahnung der Tr\u00e4ger noch besser klappt.<\/p>\n\n\n\n<p><span class=\"has-inline-color has-vivid-cyan-blue-color\"><strong>6. Frage: <em>Gerade in l\u00e4ndlichen Gebieten gibt es bis heute kaum M\u00f6glichkeiten, sich mit \u00f6ffentlichen Verkehrsmitteln fortzubewegen. Welche Pl\u00e4ne haben Sie, um allen Menschen hinreichend Mobilit\u00e4t ohne eigenes Auto zu erm\u00f6glichen?<\/em><\/strong><\/span><\/p>\n\n\n\n<p>Ich komme selber aus einer l\u00e4ndlichen Region und kenne das Problem, dass der \u00d6PNV oftmals nur in Kernzeiten an Werktagen verkehrt &#8211; und das mit einem sehr losen Fahrplan. Hier m\u00fcssen Bund und L\u00e4nder den Kommunen helfen, das Angebot an \u00d6PNV-Produkten auszubauen. Ein gutes Beispiel daf\u00fcr ist die Einf\u00fchrung einer neutralen Zone zwischen der Stadt Oldenburg und dem Ammerland in meinem Wahlkreis. Hier fahren einige Bauerschaften mit dem dichten Fahrplan der Stadt zu den normalen Preisen in der Stadt.<\/p>\n\n\n\n<p><strong><span class=\"has-inline-color has-vivid-cyan-blue-color\">7. Frage: <em>Welche Ausbauma\u00dfnahmen f\u00fcr und\/oder Reaktivierungen von Schienenstrecken in Ihrem Wahlkreis werden Sie in der kommenden Legislaturperiode voranbringen?<\/em> <\/span><\/strong><\/p>\n\n\n\n<p>Ich verfolge das Ziel, das Regio-S-Bahn-System in meinem Wahlkreis massiv auszubauen. Dazu sollten einige Bahnhaltepunkte reaktiviert werden (etwa Oldenburg-Krusenbusch, Oldenburg-Ofenerdiek, Hahn-Lehmden) und auch neue geschaffen werden, zum Beispiel in Apen. Wenn zum Beispiel die S-Bahn bis Augustfehn fahren w\u00fcrde, best\u00fcnde in Ocholt ein gro\u00dfes Potenzial f\u00fcr studentisches Wohnen.<\/p>\n\n\n\n<p><span class=\"has-inline-color has-vivid-cyan-blue-color\"><strong>8. Frage: <em>Wie stehen Sie zum Deutschland-Takt? Welche Verbesserungen erwarten Sie f\u00fcr unsere Region im Hinblick auf den Deutschland-Takt?<\/em> <\/strong><\/span><\/p>\n\n\n\n<p>siehe 5<\/p>\n\n\n\n<p><strong><span class=\"has-inline-color has-vivid-cyan-blue-color\">9. Frage: <em>Wie wollen Sie die Fernverkehrsanbindung des Nordwestens verbessern? Was wollen Sie dagegen tun, dass die Fernz\u00fcge von Bremen in Richtung Hannover bei Baustellen st\u00e4ndig gek\u00fcrzt oder gestrichen werden?<\/em> <\/span><\/strong><\/p>\n\n\n\n<p>Ich fahre immer mit der Bahn zu Sitzungswochen des Deutschen Bundestages von Oldenburg nach Berlin. Die Situation der Strecke zwischen Bremen und Hannover ist mir sehr gut bekannt. Wenn Baustellen am Gleis sind, versucht die Bahn es meiner Erfahrung nach, die Verz\u00f6gerungen f\u00fcr die Reisenden zu minimieren. Bei St\u00f6rungen, wie zum Beispiel die Fliegerbomben bei Bremen Ende Juni, kann die Bahn leider nicht auf lange Planungen zur\u00fcckgreifen und muss schnell handeln. Das Resultat ist f\u00fcr die Reisenden leider \u00f6fters \u00e4rgerlich.<br>Ich unterst\u00fctze die Forderungen der IHK Oldenburg, in der sie eine Intercity-Anbindung nach Wilhelmshaven fordert. Auch sollte eine Pr\u00fcfung einer Fernverkehrsverbindung von Oldenburg \u00fcber Osnabr\u00fcck ins Ruhrgebiet gepr\u00fcft werden. Dass Oldenburg im Rahmen des Deutschlandtaktes kein ICE-Halt mehr sein soll, lehne ich ab. Hier muss dringend nachgebessert werden, denn als Oberzentrum braucht die Stadt eine schnelle ICE-Verbindung nach S\u00fcdosten.<\/p>\n\n\n\n<p><strong><span class=\"has-inline-color has-vivid-cyan-blue-color\">10. Frage: <em>Im Nordwesten gibt es eine gro\u00dfe Zahl nicht elektrifizierter Strecken. Sehen Sie die Elektrifizierung weiterer Strecken als sinnvollste Option an und, wenn ja, welche Strecken w\u00fcrden Sie elektrifizieren?<\/em> <\/span><\/strong><\/p>\n\n\n\n<p>Oldenburg ist ein Eisenbahnknotenpunkt mit vier Bahnlinien. Zwei sind bereits elektrifiziert, eine ist derzeit im Bau. Die Strecke Oldenburg-Osnabr\u00fcck w\u00e4re dabei ein gutes neues Projekt f\u00fcr eine Elektrifizierung. Dies w\u00fcrde beim Erreichen unserer Ziele bei der Regio-S-Bahn und bei einem besseren Fernverkehrsanschluss helfen.<\/p>\n\n\n\n<p><strong><span class=\"has-inline-color has-vivid-cyan-blue-color\">11. Frage: <em>Die Bahn hat in Sachen Barrierefreiheit noch einigen Nachholbedarf. Wie sollte dies in den n\u00e4chsten Jahren angegangen und gef\u00f6rdert werden? Welche Rolle sollte der Bund einnehmen?<\/em><\/span><\/strong><\/p>\n\n\n\n<p>Der barrierefreie Umbau von Bahnh\u00f6fen war mir schon immer wichtig. Auch mit Unterst\u00fctzung der Landesnahverkehrsgesellschaft konnten wir so die Bahnh\u00f6fe in Rastede und Augustfehn f\u00fcr Renovierungen qualifizieren. F\u00fcr mich ist klar: Der barrierefrei Umbau der Bahnh\u00f6fe in Deutschland muss noch schneller und energischer Verfolgt werden. Hier sollte der Bund f\u00f6rdernd und fordernd eingreifen. Das hei\u00dft, dass die L\u00e4nder Zeitrahmen erhalten sollen, in denen sie \u00fcber Landesgesellschaften die Bauma\u00dfnahmen koordinieren sollen.<\/p>\n","protected":false},"excerpt":{"rendered":"<p>Wahlkreis 027 Oldenburg &#8211; Ammerland, SPD 1. Frage: Welche Bedeutung hat der \u00f6ffentliche Personenverkehr f\u00fcr Sie? Welche Bedeutung sollte er in zehn Jahren haben? Der \u00f6ffentliche Personenverkehr war meiner Ansicht &#8230;<\/p>\n","protected":false},"author":1,"featured_media":0,"parent":0,"menu_order":0,"comment_status":"closed","ping_status":"closed","template":"","meta":{"footnotes":""},"class_list":["post-487","page","type-page","status-publish","hentry"],"_links":{"self":[{"href":"https:\/\/probahn-ol-hb.de\/index.php?rest_route=\/wp\/v2\/pages\/487","targetHints":{"allow":["GET"]}}],"collection":[{"href":"https:\/\/probahn-ol-hb.de\/index.php?rest_route=\/wp\/v2\/pages"}],"about":[{"href":"https:\/\/probahn-ol-hb.de\/index.php?rest_route=\/wp\/v2\/types\/page"}],"author":[{"embeddable":true,"href":"https:\/\/probahn-ol-hb.de\/index.php?rest_route=\/wp\/v2\/users\/1"}],"replies":[{"embeddable":true,"href":"https:\/\/probahn-ol-hb.de\/index.php?rest_route=%2Fwp%2Fv2%2Fcomments&post=487"}],"version-history":[{"count":1,"href":"https:\/\/probahn-ol-hb.de\/index.php?rest_route=\/wp\/v2\/pages\/487\/revisions"}],"predecessor-version":[{"id":488,"href":"https:\/\/probahn-ol-hb.de\/index.php?rest_route=\/wp\/v2\/pages\/487\/revisions\/488"}],"wp:attachment":[{"href":"https:\/\/probahn-ol-hb.de\/index.php?rest_route=%2Fwp%2Fv2%2Fmedia&parent=487"}],"curies":[{"name":"wp","href":"https:\/\/api.w.org\/{rel}","templated":true}]}}

<p>Wahlkreis 027 Oldenburg &#8211; Ammerland, SPD</p>



<p><strong><span class="has-inline-color has-vivid-cyan-blue-color">1. Frage: <em>Welche Bedeutung hat der öffentliche Personenverkehr für Sie? Welche Bedeutung sollte er in zehn Jahren haben?</em></span></strong></p>



<p>Der öffentliche Personenverkehr war meiner Ansicht nach schon immer ein sehr unverzichtbarer Baustein für die Mobilität der Menschen in Deutschland. Aufgrund des Klimawandels und der veränderten Mobilität der Menschen sehe ich wachsende Anteile des öffentlichen Personenverkehr am Modal-Split. Denn einerseits nimmt die Mobilität ohnehin zu, andererseits wollen wir einen wachsenden Teil dieser Verkehre in klimafreundliche Mobilität wie Bus und Bahn lenken.</p>



<p><strong><span class="has-inline-color has-vivid-cyan-blue-color">2. Frage: <em>Welche Schwerpunkte sollten nach Ihrer Überzeugung in der Verkehrspolitik der kommenden Legislaturperiode gesetzt werden? Welche Gründe haben Sie dafür?</em> </span></strong></p>



<p>Erstens: der Staat und die Verkehrsbetriebe, an denen er beteiligt ist, sollen bei dem Ziel der CO2-Neutralität vorangehen. Bis 2030 möchten wir alle Busse und Bahnen modernisieren und auf Klimaneutralität umstellen. Hier soll der Bund den Kommunen finanziell stark unter die Arme greifen.<br>Zweitens: Der Schienenverkehr soll gestärkt werden. Hier unterstützen wir den Deutschlandtakt und fordern, dass alle Großstädte ans Fernverkehrsnetz angeschlossen werden. Bahnfahren muss für die Nutzerinnen und Nutzer günstiger sein als zu fliegen. Auch sollen 75% des Schienennetzes elektrifiziert werden.<br>Drittens: Die Zukunft gehört den elektrischen Antrieben. Wir wollen diese Entwicklung aktiv gestalten, damit die Automobilindustrie Leitindustrie bleibt und die Zukunft der vielen kleinen und mittelständischen Zulieferer mit ihren Arbeitsplätzen gesichert ist. Wir wollen die Elektrifizierung des Verkehrs massiv voranbringen. 2030 sollen mindestens 15 Millionen Pkw in Deutschland voll elektrisch fahren. Dazu gehört der Ausbau und die Vereinheitlichung der Ladeinfrastruktur.</p>



<p><strong><span class="has-inline-color has-vivid-cyan-blue-color">3. Frage: <em>Infolge der coronabedingt eingebrochenen Fahrgastzahlen ist die Finanzierung des öffentlichen Personenverkehrs massiv gefährdet. Was wollen Sie tun, um die Finanzierung sicherzustellen?</em></span></strong></p>



<p>Die Corona-Pandemie war in der Tat ein Dämpfer auf dem Weg weg vom motorisierten Individualverkehr (MIV). Ich nehme aber wahr, dass Bund, Länder und Kommunen die Finanzierung in der jüngeren Vergangenheit nicht in Frage gestellt haben. Der Wandel der Mobilität ist inzwischen bei allen Akteuren der Verkehrspolitik angekommen &#8211; mit Ausnahme von CDU/CSU und ihrem Verkehrsminister Andreas Scheuer. Ernsthafte wirtschaftliche Schwierigkeiten der Unternehmen im öffentlichen Personenverkehr wären schon vor dem Hintergrund der Klimaziele ein Szenario, in dem die öffentliche Hand unterstützend eingreifen müsste.</p>



<p><span class="has-inline-color has-vivid-cyan-blue-color"><strong>4. Frage: <em>Wenn es, u.a. als Pandemiefolge, zu finanziellen Zielkonflikten käme, wären Sie dazu bereit, Straßen- und vor allem Autobahnneubauten zugunsten von Schieneninfrastrukturmaßnahmen zurückzustellen?</em> </strong></span></p>



<p>Ich will, dass wir als Staat massiv in moderne Mobilität investieren &#8211; allein am Geld sollen keine Verkehrsprojekte scheitern müssen. Dennoch: Es ist Ziel der SPD, den Modal-Split weg vom Auto hin zu anderen Trägern zu bewegen. Daher würde ich mich &#8211; wenn Zielkonflikte auftreten sollten &#8211; für das Schienenprojekt entscheiden.</p>



<p><strong><span class="has-inline-color has-vivid-cyan-blue-color">5. Frage: <em>Was wollen Sie tun, um die verschiedenen Verkehrsträger besser miteinander zu verknüpfen und den Übergang auf öffentliche Verkehrsmittel attraktiver zu machen?</em> </span></strong></p>



<p>Hier ist der Deutschlandtakt der richtige Weg, die Schienenangebote besser miteinander zu verknüpfen. Weiterhin fehlt es &#8211; wie leider in vielen Bereichen im Geschäftsbereich des Bundesministeriums für Verkehr und digitale Infrastruktur &#8211; an Digitalisierung. Hier müssen aber auch die kommunalen Anbieter aktiv werden, damit die Verzahnung der Träger noch besser klappt.</p>



<p><span class="has-inline-color has-vivid-cyan-blue-color"><strong>6. Frage: <em>Gerade in ländlichen Gebieten gibt es bis heute kaum Möglichkeiten, sich mit öffentlichen Verkehrsmitteln fortzubewegen. Welche Pläne haben Sie, um allen Menschen hinreichend Mobilität ohne eigenes Auto zu ermöglichen?</em></strong></span></p>



<p>Ich komme selber aus einer ländlichen Region und kenne das Problem, dass der ÖPNV oftmals nur in Kernzeiten an Werktagen verkehrt &#8211; und das mit einem sehr losen Fahrplan. Hier müssen Bund und Länder den Kommunen helfen, das Angebot an ÖPNV-Produkten auszubauen. Ein gutes Beispiel dafür ist die Einführung einer neutralen Zone zwischen der Stadt Oldenburg und dem Ammerland in meinem Wahlkreis. Hier fahren einige Bauerschaften mit dem dichten Fahrplan der Stadt zu den normalen Preisen in der Stadt.</p>



<p><strong><span class="has-inline-color has-vivid-cyan-blue-color">7. Frage: <em>Welche Ausbaumaßnahmen für und/oder Reaktivierungen von Schienenstrecken in Ihrem Wahlkreis werden Sie in der kommenden Legislaturperiode voranbringen?</em> </span></strong></p>



<p>Ich verfolge das Ziel, das Regio-S-Bahn-System in meinem Wahlkreis massiv auszubauen. Dazu sollten einige Bahnhaltepunkte reaktiviert werden (etwa Oldenburg-Krusenbusch, Oldenburg-Ofenerdiek, Hahn-Lehmden) und auch neue geschaffen werden, zum Beispiel in Apen. Wenn zum Beispiel die S-Bahn bis Augustfehn fahren würde, bestünde in Ocholt ein großes Potenzial für studentisches Wohnen.</p>



<p><span class="has-inline-color has-vivid-cyan-blue-color"><strong>8. Frage: <em>Wie stehen Sie zum Deutschland-Takt? Welche Verbesserungen erwarten Sie für unsere Region im Hinblick auf den Deutschland-Takt?</em> </strong></span></p>



<p>siehe 5</p>



<p><strong><span class="has-inline-color has-vivid-cyan-blue-color">9. Frage: <em>Wie wollen Sie die Fernverkehrsanbindung des Nordwestens verbessern? Was wollen Sie dagegen tun, dass die Fernzüge von Bremen in Richtung Hannover bei Baustellen ständig gekürzt oder gestrichen werden?</em> </span></strong></p>



<p>Ich fahre immer mit der Bahn zu Sitzungswochen des Deutschen Bundestages von Oldenburg nach Berlin. Die Situation der Strecke zwischen Bremen und Hannover ist mir sehr gut bekannt. Wenn Baustellen am Gleis sind, versucht die Bahn es meiner Erfahrung nach, die Verzögerungen für die Reisenden zu minimieren. Bei Störungen, wie zum Beispiel die Fliegerbomben bei Bremen Ende Juni, kann die Bahn leider nicht auf lange Planungen zurückgreifen und muss schnell handeln. Das Resultat ist für die Reisenden leider öfters ärgerlich.<br>Ich unterstütze die Forderungen der IHK Oldenburg, in der sie eine Intercity-Anbindung nach Wilhelmshaven fordert. Auch sollte eine Prüfung einer Fernverkehrsverbindung von Oldenburg über Osnabrück ins Ruhrgebiet geprüft werden. Dass Oldenburg im Rahmen des Deutschlandtaktes kein ICE-Halt mehr sein soll, lehne ich ab. Hier muss dringend nachgebessert werden, denn als Oberzentrum braucht die Stadt eine schnelle ICE-Verbindung nach Südosten.</p>



<p><strong><span class="has-inline-color has-vivid-cyan-blue-color">10. Frage: <em>Im Nordwesten gibt es eine große Zahl nicht elektrifizierter Strecken. Sehen Sie die Elektrifizierung weiterer Strecken als sinnvollste Option an und, wenn ja, welche Strecken würden Sie elektrifizieren?</em> </span></strong></p>



<p>Oldenburg ist ein Eisenbahnknotenpunkt mit vier Bahnlinien. Zwei sind bereits elektrifiziert, eine ist derzeit im Bau. Die Strecke Oldenburg-Osnabrück wäre dabei ein gutes neues Projekt für eine Elektrifizierung. Dies würde beim Erreichen unserer Ziele bei der Regio-S-Bahn und bei einem besseren Fernverkehrsanschluss helfen.</p>



<p><strong><span class="has-inline-color has-vivid-cyan-blue-color">11. Frage: <em>Die Bahn hat in Sachen Barrierefreiheit noch einigen Nachholbedarf. Wie sollte dies in den nächsten Jahren angegangen und gefördert werden? Welche Rolle sollte der Bund einnehmen?</em></span></strong></p>



<p>Der barrierefreie Umbau von Bahnhöfen war mir schon immer wichtig. Auch mit Unterstützung der Landesnahverkehrsgesellschaft konnten wir so die Bahnhöfe in Rastede und Augustfehn für Renovierungen qualifizieren. Für mich ist klar: Der barrierefrei Umbau der Bahnhöfe in Deutschland muss noch schneller und energischer Verfolgt werden. Hier sollte der Bund fördernd und fordernd eingreifen. Das heißt, dass die Länder Zeitrahmen erhalten sollen, in denen sie über Landesgesellschaften die Baumaßnahmen koordinieren sollen.</p>

<p>Wahlkreis 027 Oldenburg &#8211; Ammerland, SPD 1. Frage: Welche Bedeutung hat der öffentliche Personenverkehr für Sie? Welche Bedeutung sollte er in zehn Jahren haben? Der öffentliche Personenverkehr war meiner Ansicht &#8230;</p>
