{"id":246,"date":"2021-01-17T18:25:28","date_gmt":"2021-01-17T16:25:28","guid":{"rendered":"https:\/\/probahn-ol-hb.de\/?page_id=246"},"modified":"2021-07-25T14:22:40","modified_gmt":"2021-07-25T12:22:40","slug":"fahrgastrechte","status":"publish","type":"page","link":"https:\/\/probahn-ol-hb.de\/?page_id=246","title":{"rendered":"Fahrgastrechte"},"content":{"rendered":"\n<p>Wer mit \u00f6ffentlichen Verkehrsmitteln reist, hat Anspruch auf saubere Fahrzeuge und eine p\u00fcnktliche Bef\u00f6rderung. Gerade bei einem komplexen System wie der Eisenbahn wirken sich kleine St\u00f6rungen sehr schnell auf das Gesamtsystem aus, sodass gerade Versp\u00e4tungen oder gar Zugausf\u00e4lle zu starken Abweichungen vom Fahrplan f\u00fchren.<\/p>\n\n\n\n<p>Gerade bei Unp\u00fcnktlichkeit kann ein Fahrgast unter bestimmten Voraussetzungen sein Recht auf Schadenersatz durch Kosten f\u00fcr ein Taxi, eine ungeplante Hotel\u00fcbernachtung oder eine (Teil-) Erstattung des Fahrpreises geltend machen.<\/p>\n\n\n\n<p>Pro Bahn RV Oldenburger Land \/ Bremen setzt sich f\u00fcr ein niedersachsen- und bremenweit einheitliches System zur Geltendmachung der Fahrgastrechte ein.<\/p>\n\n\n\n<p>F\u00fcr weitere Informationen verweisen wir auf:<\/p>\n\n\n\n<p>TBNE &#8211; Tarifverband der Bundeseigenen und Nichtbundeseigenen Eisenbahnen in Deutschland: <a href=\"https:\/\/www.fahrgastrechte.info\/\">https:\/\/www.fahrgastrechte.info\/<\/a><\/p>\n\n\n\n<p>PRO BAHN Bundesverband: <a href=\"https:\/\/www.pro-bahn.de\/disk\/index_rechte.htm\">https:\/\/www.pro-bahn.de\/disk\/index_rechte.htm<\/a><\/p>\n","protected":false},"excerpt":{"rendered":"<p>Wer mit \u00f6ffentlichen Verkehrsmitteln reist, hat Anspruch auf saubere Fahrzeuge und eine p\u00fcnktliche Bef\u00f6rderung. Gerade bei einem komplexen System wie der Eisenbahn wirken sich kleine St\u00f6rungen sehr schnell auf das &#8230;<\/p>\n","protected":false},"author":1,"featured_media":0,"parent":0,"menu_order":0,"comment_status":"closed","ping_status":"closed","template":"","meta":{"footnotes":""},"class_list":["post-246","page","type-page","status-publish","hentry"],"_links":{"self":[{"href":"https:\/\/probahn-ol-hb.de\/index.php?rest_route=\/wp\/v2\/pages\/246","targetHints":{"allow":["GET"]}}],"collection":[{"href":"https:\/\/probahn-ol-hb.de\/index.php?rest_route=\/wp\/v2\/pages"}],"about":[{"href":"https:\/\/probahn-ol-hb.de\/index.php?rest_route=\/wp\/v2\/types\/page"}],"author":[{"embeddable":true,"href":"https:\/\/probahn-ol-hb.de\/index.php?rest_route=\/wp\/v2\/users\/1"}],"replies":[{"embeddable":true,"href":"https:\/\/probahn-ol-hb.de\/index.php?rest_route=%2Fwp%2Fv2%2Fcomments&post=246"}],"version-history":[{"count":3,"href":"https:\/\/probahn-ol-hb.de\/index.php?rest_route=\/wp\/v2\/pages\/246\/revisions"}],"predecessor-version":[{"id":479,"href":"https:\/\/probahn-ol-hb.de\/index.php?rest_route=\/wp\/v2\/pages\/246\/revisions\/479"}],"wp:attachment":[{"href":"https:\/\/probahn-ol-hb.de\/index.php?rest_route=%2Fwp%2Fv2%2Fmedia&parent=246"}],"curies":[{"name":"wp","href":"https:\/\/api.w.org\/{rel}","templated":true}]}}

<p>Wer mit öffentlichen Verkehrsmitteln reist, hat Anspruch auf saubere Fahrzeuge und eine pünktliche Beförderung. Gerade bei einem komplexen System wie der Eisenbahn wirken sich kleine Störungen sehr schnell auf das Gesamtsystem aus, sodass gerade Verspätungen oder gar Zugausfälle zu starken Abweichungen vom Fahrplan führen.</p>



<p>Gerade bei Unpünktlichkeit kann ein Fahrgast unter bestimmten Voraussetzungen sein Recht auf Schadenersatz durch Kosten für ein Taxi, eine ungeplante Hotelübernachtung oder eine (Teil-) Erstattung des Fahrpreises geltend machen.</p>



<p>Pro Bahn RV Oldenburger Land / Bremen setzt sich für ein niedersachsen- und bremenweit einheitliches System zur Geltendmachung der Fahrgastrechte ein.</p>



<p>Für weitere Informationen verweisen wir auf:</p>



<p>TBNE &#8211; Tarifverband der Bundeseigenen und Nichtbundeseigenen Eisenbahnen in Deutschland: <a href="https://www.fahrgastrechte.info/">https://www.fahrgastrechte.info/</a></p>



<p>PRO BAHN Bundesverband: <a href="https://www.pro-bahn.de/disk/index_rechte.htm">https://www.pro-bahn.de/disk/index_rechte.htm</a></p>

<p>Wer mit öffentlichen Verkehrsmitteln reist, hat Anspruch auf saubere Fahrzeuge und eine pünktliche Beförderung. Gerade bei einem komplexen System wie der Eisenbahn wirken sich kleine Störungen sehr schnell auf das &#8230;</p>
