{"id":138,"date":"2020-10-07T19:51:53","date_gmt":"2020-10-07T17:51:53","guid":{"rendered":"https:\/\/probahn-ol-hb.de\/?page_id=138"},"modified":"2024-01-14T15:08:10","modified_gmt":"2024-01-14T13:08:10","slug":"weitere-online-informationen","status":"publish","type":"page","link":"https:\/\/probahn-ol-hb.de\/?page_id=138","title":{"rendered":"Links"},"content":{"rendered":"\n<p>Hier finden Sie n\u00fctzliche Links zu weiteren eisenbahn- und fahrgastbezogenen Themen.<\/p>\n\n\n\n<p><a href=\"http:\/\/www.pro-bahn.de\" data-type=\"URL\" data-id=\"www.pro-bahn.de\" target=\"_blank\" rel=\"noreferrer noopener\">PRO-BAHN-Bundesverband<\/a><\/p>\n\n\n\n<p><a href=\"https:\/\/www.pro-bahn-niedersachsen.de\" data-type=\"link\" data-id=\"https:\/\/www.pro-bahn-niedersachsen.de\" target=\"_blank\" rel=\"noreferrer noopener\">PRO-BAHN-Landesverband Niedersachsen\/Bremen e.V.<\/a><\/p>\n\n\n\n<p><a href=\"https:\/\/www.pro-bahn.de\/pbz\/\" data-type=\"URL\" data-id=\"https:\/\/www.pro-bahn.de\/pbz\/\" target=\"_blank\" rel=\"noreferrer noopener\">PRO-BAHN-Zeitschrift &#8222;Der Fahrgast&#8220;<\/a><\/p>\n\n\n\n<p><\/p>\n\n\n\n<p class=\"has-normal-font-size\"><strong>Aufgabentr\u00e4ger in Niedersachsen und Bremen<\/strong><\/p>\n\n\n\n<p><a href=\"http:\/\/www.lnvg.de\" data-type=\"URL\" data-id=\"www.lnvg.de\" target=\"_blank\" rel=\"noreferrer noopener\">Landesnahverkehrsgesellschaft Niedersachsen (LNVG)<\/a>, zust\u00e4ndig f\u00fcr die Bestellung des Schienenpersonennahverkehrs (SPNV) im gr\u00f6\u00dften Teil Niedersachsens<\/p>\n\n\n\n<p><a rel=\"noreferrer noopener\" href=\"https:\/\/www.hannover.de\/Leben-in-der-Region-Hannover\/Verwaltungen-Kommunen\/Die-Verwaltung-der-Region-Hannover\/Dezernate-und-Fachbereiche\/Dezernat-Wirtschaft,-Verkehr-und-Bildung\/Fachbereich-Verkehr\" target=\"_blank\">Region Hannover, Fachbereich Verkehr<\/a>, zust\u00e4ndig f\u00fcr die Bestellung des SPNVs in der Region Hannover, einschlie\u00dflich der Stadtbahn Hannover<\/p>\n\n\n\n<p><a rel=\"noreferrer noopener\" href=\"https:\/\/www.regionalverband-braunschweig.de\/verkehrsplanung\/\" target=\"_blank\">Regionalverband Gro\u00dfraum Braunschweig<\/a>, zust\u00e4ndig f\u00fcr die Bestellung des SPNVs rund um Braunschweig, einschlie\u00dflich der Stra\u00dfenbahn Braunschweig.<\/p>\n\n\n\n<p><a rel=\"noreferrer noopener\" href=\"https:\/\/www.bauumwelt.bremen.de\/mobilitaet\/schienenverkehr-4256\" data-type=\"URL\" data-id=\"https:\/\/www.bauumwelt.bremen.de\/mobilitaet\/schienenverkehr-4256\" target=\"_blank\">Freie Hansestadt Bremen, Senatorin f\u00fcr Klimaschutz, Umwelt, Mobilit\u00e4t, Stadtentwicklung und Wohnungsbau<\/a>, zust\u00e4ndig f\u00fcr die Bestellung des SPNVs in Bremen und Bremerhaven, einschlie\u00dflich der Bremer Stra\u00dfenbahn<\/p>\n\n\n\n<p><a href=\"https:\/\/www.zvbn.de\/\" data-type=\"URL\" data-id=\"https:\/\/www.zvbn.de\/\" target=\"_blank\" rel=\"noreferrer noopener\">Zweckverband Verkehrsverbund Bremen\/Niedersachsen<\/a>, zust\u00e4ndig f\u00fcr den stra\u00dfengebundenen \u00d6PNV im Gebiet des Verkehrsverbundes Bremen\/Niedersachsen<\/p>\n\n\n\n<p><\/p>\n\n\n\n<p class=\"has-normal-font-size\"><strong>Fahrgastrechte<\/strong><\/p>\n\n\n\n<p><a href=\"https:\/\/www.verbraucherzentrale.de\/en\/node\/12080\" data-type=\"URL\" data-id=\"https:\/\/www.verbraucherzentrale.de\/en\/node\/12080\" target=\"_blank\" rel=\"noreferrer noopener\">Informationen der Verbraucherzentrale zu Erstattungsm\u00f6glichkeiten<\/a><\/p>\n\n\n\n<p><a rel=\"noreferrer noopener\" href=\"https:\/\/www.nahverkehr-snub.de\/\" target=\"_blank\" data-type=\"URL\" data-id=\"https:\/\/www.nahverkehr-snub.de\/\">SNUB: Die Nahverkehr-Schlichtungsstelle e.V.<\/a><\/p>\n\n\n\n<p><a rel=\"noreferrer noopener\" href=\"https:\/\/soep-online.de\/\" data-type=\"URL\" data-id=\"https:\/\/soep-online.de\/\" target=\"_blank\">Schlichtungsstelle f\u00fcr den \u00f6ffentlichen Personenverkehr e.V.<\/a><\/p>\n\n\n\n<p><a href=\"https:\/\/www.eba.bund.de\/DE\/Themen\/Fahrgastrechte\/fahrgastrechte_node.html\" data-type=\"URL\" data-id=\"https:\/\/www.eba.bund.de\/DE\/Themen\/Fahrgastrechte\/fahrgastrechte_node.html\" target=\"_blank\" rel=\"noreferrer noopener\">Durchsetzungsstelle des Eisenbahnbundesamtes (EBA)<\/a><\/p>\n\n\n\n<p><a rel=\"noreferrer noopener\" href=\"https:\/\/www.bahn.de\/p\/view\/service\/auskunft\/fahrgastrechte\/uebersicht.shtml\" data-type=\"URL\" data-id=\"https:\/\/www.bahn.de\/p\/view\/service\/auskunft\/fahrgastrechte\/uebersicht.shtml\" target=\"_blank\">Informationen der Deutschen Bahn zu Fahrgastrechten<\/a><\/p>\n\n\n\n<p><a rel=\"noreferrer noopener\" href=\"https:\/\/www.nordwestbahn.de\/de\/regio-s-bahn\/service\/fahrgastrechte\" data-type=\"URL\" data-id=\"https:\/\/www.nordwestbahn.de\/de\/regio-s-bahn\/service\/fahrgastrechte\" target=\"_blank\">Informationen der NordWestBahn zu Fahrgastrechten<\/a><\/p>\n\n\n\n<p><a rel=\"noreferrer noopener\" href=\"https:\/\/www.der-metronom.de\/fahrkarten\/fahrgastrechte\/\" data-type=\"URL\" data-id=\"https:\/\/www.der-metronom.de\/fahrkarten\/fahrgastrechte\/\" target=\"_blank\">Informationen von Metronom zu Fahrgastrechten<\/a><\/p>\n\n\n\n<p><a rel=\"noreferrer noopener\" href=\"https:\/\/www.erixx.de\/fahrkarten-tarife\/fahrgastrechte\/\" data-type=\"URL\" data-id=\"https:\/\/www.erixx.de\/fahrkarten-tarife\/fahrgastrechte\/\" target=\"_blank\">Informationen von erixx zu Fahrgastrechten<\/a><\/p>\n\n\n\n<p><a href=\"https:\/\/www.evb-elbe-weser.de\/bahn-bus\/service-info\/fahrgastrechte-schlichtungsstelle\/\" data-type=\"URL\" data-id=\"https:\/\/www.evb-elbe-weser.de\/bahn-bus\/service-info\/fahrgastrechte-schlichtungsstelle\/\">Informationen der evb zu Fahrgastrechten<\/a><\/p>\n\n\n\n<p class=\"has-normal-font-size\"><strong>Verkehrsprojekte<\/strong><\/p>\n\n\n\n<p><a rel=\"noreferrer noopener\" href=\"https:\/\/www.deutschlandtakt.de\/\" target=\"_blank\">Deutschland-Takt<\/a><\/p>\n\n\n\n<p><a rel=\"noreferrer noopener\" href=\"https:\/\/wunderline.nl\/de\/\" data-type=\"URL\" data-id=\"https:\/\/wunderline.nl\/de\/\" target=\"_blank\">Wunderline<\/a><\/p>\n\n\n\n<p><a rel=\"noreferrer noopener\" href=\"https:\/\/www.hamburg-bremen-hannover.de\/historie.html\" data-type=\"URL\" data-id=\"https:\/\/www.hamburg-bremen-hannover.de\/historie.html\" target=\"_blank\">Bahnprojekt Hamburg\/Bremen &#8211; Hannover (&#8222;Alpha-E&#8220;)<\/a><\/p>\n\n\n\n<p><a rel=\"noreferrer noopener\" href=\"https:\/\/www.oldenburg-wilhelmshaven.de\/startseite.html\" data-type=\"URL\" data-id=\"https:\/\/www.oldenburg-wilhelmshaven.de\/startseite.html\" target=\"_blank\">Ausbaustrecke Oldenburg &#8211; Wilhelmshaven<\/a><\/p>\n","protected":false},"excerpt":{"rendered":"<p>Hier finden Sie n\u00fctzliche Links zu weiteren eisenbahn- und fahrgastbezogenen Themen. PRO-BAHN-Bundesverband PRO-BAHN-Landesverband Niedersachsen\/Bremen e.V. PRO-BAHN-Zeitschrift &#8222;Der Fahrgast&#8220; Aufgabentr\u00e4ger in Niedersachsen und Bremen Landesnahverkehrsgesellschaft Niedersachsen (LNVG), zust\u00e4ndig f\u00fcr die Bestellung &#8230;<\/p>\n","protected":false},"author":1,"featured_media":0,"parent":0,"menu_order":0,"comment_status":"closed","ping_status":"closed","template":"","meta":{"footnotes":""},"class_list":["post-138","page","type-page","status-publish","hentry"],"_links":{"self":[{"href":"https:\/\/probahn-ol-hb.de\/index.php?rest_route=\/wp\/v2\/pages\/138","targetHints":{"allow":["GET"]}}],"collection":[{"href":"https:\/\/probahn-ol-hb.de\/index.php?rest_route=\/wp\/v2\/pages"}],"about":[{"href":"https:\/\/probahn-ol-hb.de\/index.php?rest_route=\/wp\/v2\/types\/page"}],"author":[{"embeddable":true,"href":"https:\/\/probahn-ol-hb.de\/index.php?rest_route=\/wp\/v2\/users\/1"}],"replies":[{"embeddable":true,"href":"https:\/\/probahn-ol-hb.de\/index.php?rest_route=%2Fwp%2Fv2%2Fcomments&post=138"}],"version-history":[{"count":7,"href":"https:\/\/probahn-ol-hb.de\/index.php?rest_route=\/wp\/v2\/pages\/138\/revisions"}],"predecessor-version":[{"id":845,"href":"https:\/\/probahn-ol-hb.de\/index.php?rest_route=\/wp\/v2\/pages\/138\/revisions\/845"}],"wp:attachment":[{"href":"https:\/\/probahn-ol-hb.de\/index.php?rest_route=%2Fwp%2Fv2%2Fmedia&parent=138"}],"curies":[{"name":"wp","href":"https:\/\/api.w.org\/{rel}","templated":true}]}}